{"id":13,"date":"2014-01-10T13:47:31","date_gmt":"2014-01-10T13:47:31","guid":{"rendered":"http:\/\/casepafe.org.br\/?page_id=13"},"modified":"2024-01-09T18:03:44","modified_gmt":"2024-01-09T18:03:44","slug":"eventos","status":"publish","type":"page","link":"https:\/\/casepafe.org.br\/?page_id=13","title":{"rendered":"Colaboradores"},"content":{"rendered":"<h2>Colaboradores<\/h2>\n<p>22 Funcion\u00e1rios<\/p>\n<p>5\u00a0 Estagi\u00e1rios<\/p>\n<p>1 \u00a0Prestador de Servi\u00e7os (Contador)<\/p>\n<p>5\u00a0\u00a0Volunt\u00e1rios\u00a0Permanentes<\/p>\n<p>10 Volunt\u00e1rios Eventuais<\/p>\n<h2>Fontes de Recursos<\/h2>\n<p>\u2022 Doa\u00e7\u00f5es Volunt\u00e1rias<br \/>\u2022 Eventos Beneficentes<br \/>\u2022 Conv\u00eanios com a Prefeitura Municipal de S\u00e3o Jos\u00e9 dos Campos:<br \/>Conv\u00eanio com Secretaria da Educa\u00e7\u00e3o \u2013 CRECHE-CECOI<br \/>Conv\u00eanio com Secretaria do Desenvolvimento Social \u2013 ATENDIMENTO SOCIAL.<\/p>\n<h2>Como Colaborar<\/h2>\n<p>\u2022 <strong>Fazendo Doa\u00e7\u00f5es<\/strong><br \/>Recebemos suas Doa\u00e7\u00f5es em alimentos, roupas, cal\u00e7ados, equipamentos, m\u00f3veis e utens\u00edlios dom\u00e9sticos as quais s\u00e3o criteriosamente repassadas para os que delas necessitam.<\/p>\n<p>\u2022 <strong>Sendo um Mantenedor<\/strong><br \/>Voc\u00ea pode contribuir mensal ou eventualmente com qualquer valor, atrav\u00e9s de Dep\u00f3sito em Conta Corrente<\/p>\n<h2><strong>BANCO DO BRASIL<\/strong><\/h2>\n<p>Ag\u00eancia 1634<br \/>Conta Poupan\u00e7a \u2013 746139404-6<\/p>\n<p>\u00a0<\/p>\n\n\n<p><\/p>\n","protected":false},"excerpt":{"rendered":"<p>Colaboradores 22 Funcion\u00e1rios 5\u00a0 Estagi\u00e1rios 1 \u00a0Prestador de Servi\u00e7os (Contador) 5\u00a0\u00a0Volunt\u00e1rios\u00a0Permanentes 10 Volunt\u00e1rios Eventuais Fontes de Recursos \u2022 Doa\u00e7\u00f5es Volunt\u00e1rias\u2022 Eventos Beneficentes\u2022 Conv\u00eanios com a Prefeitura Municipal de S\u00e3o Jos\u00e9 dos Campos:Conv\u00eanio com Secretaria da Educa\u00e7\u00e3o \u2013 CRECHE-CECOIConv\u00eanio com Secretaria do Desenvolvimento Social \u2013 ATENDIMENTO SOCIAL. Como Colaborar \u2022 Fazendo Doa\u00e7\u00f5esRecebemos suas Doa\u00e7\u00f5es em alimentos, [&hellip;]<\/p>\n","protected":false},"author":1,"featured_media":0,"parent":0,"menu_order":0,"comment_status":"open","ping_status":"open","template":"","meta":[],"_links":{"self":[{"href":"https:\/\/casepafe.org.br\/index.php?rest_route=\/wp\/v2\/pages\/13"}],"collection":[{"href":"https:\/\/casepafe.org.br\/index.php?rest_route=\/wp\/v2\/pages"}],"about":[{"href":"https:\/\/casepafe.org.br\/index.php?rest_route=\/wp\/v2\/types\/page"}],"author":[{"embeddable":true,"href":"https:\/\/casepafe.org.br\/index.php?rest_route=\/wp\/v2\/users\/1"}],"replies":[{"embeddable":true,"href":"https:\/\/casepafe.org.br\/index.php?rest_route=%2Fwp%2Fv2%2Fcomments&post=13"}],"version-history":[{"count":14,"href":"https:\/\/casepafe.org.br\/index.php?rest_route=\/wp\/v2\/pages\/13\/revisions"}],"predecessor-version":[{"id":1192,"href":"https:\/\/casepafe.org.br\/index.php?rest_route=\/wp\/v2\/pages\/13\/revisions\/1192"}],"wp:attachment":[{"href":"https:\/\/casepafe.org.br\/index.php?rest_route=%2Fwp%2Fv2%2Fmedia&parent=13"}],"curies":[{"name":"wp","href":"https:\/\/api.w.org\/{rel}","templated":true}]}}